{"id":102731,"date":"2025-09-16T10:09:56","date_gmt":"2025-09-16T08:09:56","guid":{"rendered":"https:\/\/pre.blog-se.strato.wpcust.com\/?page_id=102731"},"modified":"2025-11-03T14:47:42","modified_gmt":"2025-11-03T13:47:42","slug":"teilnahmebedingungen-und-datenschutzbestimmungen","status":"publish","type":"page","link":"https:\/\/www.strato.de\/website-makeover-contest\/teilnahmebedingungen-und-datenschutzbestimmungen\/","title":{"rendered":"Teilnahmebedingungen und Datenschutzbestimmungen"},"content":{"rendered":"\n<div style=\"height:42px\" aria-hidden=\"true\" class=\"wp-block-spacer\"><\/div>\n\n\n\n<h2>Teilnahme&shy;beding&shy;ungen und Daten&shy;schutz&shy;be&shy;stimmungen<\/h2>\n\n\n\n<p><strong>I. Gegenstand der Teilnahmebedingungen<\/strong><\/p>\n\n\n\n<p>1. Die STRATO GmbH, Otto-Ostrowski-Stra\u00dfe 67, 10249 Berlin (nachfolgend \u201eSTRATO\u201c oder \u201ewir\u201c) veranstaltet auf einer Landingpage eine Gewinnspiel-Aktion unter folgendem Link: <a href=\"https:\/\/www.strato.de\/website-makeover-contest\/\">www.strato.de\/website-makeover-contest\/<\/a><\/p>\n\n\n\n<p>2. F\u00fcr die Teilnahme an der Aktion gelten die nachfolgenden Teilnahmebedingungen. Mit der Teilnahme an dem Gewinnspiel erkl\u00e4rt sich der\/die Teilnehmende mit der Geltung dieser Teilnahmebedingungen einverstanden.<\/p>\n\n\n\n<p><strong>II. Ablauf des Gewinnspiels<\/strong><\/p>\n\n\n\n<p>1. Zur Teilnahme melden sich die Teilnehmer\/innen mit Vornamen, Nachnamen und ihrer E-Mail-Adresse auf der Gewinnspielseite an. Sie geben zudem ihre Website an, die am Wettbewerb teilnehmen soll.<\/p>\n\n\n\n<p>2. Die Teilnahme ist kostenlos.<\/p>\n\n\n\n<p>3. Jede\/r Teilnehme\/r darf nur einmal am Gewinnspiel teilnehmen.&nbsp;<\/p>\n\n\n\n<p>4. In der zweiten Phase des Gewinnspiels werden die teilnehmenden Websites von STRATO pr\u00e4sentiert und es kann \u00f6ffentlich abgestimmt werden, welche Websites das Makeover erhalten sollen. Daf\u00fcr registrieren sich die jeweiligen Voter\/innen aus der Community.&nbsp;<\/p>\n\n\n\n<p>5. Es werden sowohl Sieger durch Voting der Community, als auch durch Jury-Vote bestimmt.&nbsp;<\/p>\n\n\n\n<p>6. Zudem wird unter den Votern ein Preis verlost (siehe IV.)<\/p>\n\n\n\n<p><strong>III. Teilnahmeberechtigung<\/strong><\/p>\n\n\n\n<p>1. Teilnahmeberechtigt sind nat\u00fcrliche Personen ab dem vollendeten 18. Lebensjahr mit Wohnsitz in Deutschland. Mitarbeitende von STRATO sowie Mitarbeitende der mit STRATO verbundenen Unternehmen im In- und Ausland sind von der Teilnahme ausgeschlossen.<\/p>\n\n\n\n<p>2. Ein Anspruch auf die Teilnahme an dem Wettbewerb besteht nicht.<\/p>\n\n\n\n<p>3. Die Teilnehmenden k\u00f6nnen ihre eigene Website nominieren. Voraussetzung ist, dass die entsprechende Person Domaininhaber\/in der nominierten Website ist oder vom\/von der Domaininhaber\/in dazu berechtigt ist.&nbsp;<\/p>\n\n\n\n<p>4. Wir behalten uns vor, einzelne Websites von der Teilnahme auszuschlie\u00dfen, insbesondere wenn die Inhalte gegen unsere AGB versto\u00dfen w\u00fcrden.<\/p>\n\n\n\n<p><strong>IV. Gewinn; Gewinnbenachrichtigung<\/strong><\/p>\n\n\n\n<p>1. Verlost werden zwei Website-Makeover sowie zwei weitere SmartWebsite-Pakete unter den angemeldeten Websites sowie ein SmartWebsite-Paket f\u00fcr Voter\/innen.<\/p>\n\n\n\n<p><strong>Hauptgewinn Jury: Remake + 3 Jahre Hosting&nbsp;<\/strong><\/p>\n\n\n\n<p>Homepage Baukasten Plus &#8211; 3 Jahre 0,- \u20ac, danach 50,- \u20ac\/Mon.<\/p>\n\n\n\n<p>&#8211; beinhaltet neben dem Baukasten f\u00fcr 12,- \u20ac\/Mon. auch den Design- &amp; Pflege-Service Plus f\u00fcr 38,- \u20ac\/Mon. und einen kostenlosen Radar-Auftrag<\/p>\n\n\n\n<p><strong>Hauptgewinn Publikum: Remake + 2 Jahre Hosting&nbsp;<\/strong><\/p>\n\n\n\n<p>Homepage Baukasten Plus &#8211; 2 Jahre 0,- \u20ac, danach 50,- \u20ac\/Mon.<\/p>\n\n\n\n<p>&#8211; beinhaltet neben dem Baukasten f\u00fcr 12,- \u20ac\/Mon. auch den Design- &amp; Pflege-Service Plus f\u00fcr 38,- \u20ac\/Mon. und einen kostenlosen Radar-Auftrag<\/p>\n\n\n\n<p><strong>2. Preis Publikum: SmartWebsite Plus &#8211; 2 Jahre<\/strong><\/p>\n\n\n\n<p>SmartWebsite Plus &#8211; 2 Jahre 0,- \u20ac, danach 12,- \u20ac\/Mon.<\/p>\n\n\n\n<p>&nbsp;&#8211; beinhaltet neben dem Baukasten auch einen kostenlosen Radar-Auftrag<\/p>\n\n\n\n<p><strong>3. Preis Publikum: SmartWebsite Plus &#8211; 1 Jahre<\/strong><\/p>\n\n\n\n<p>SmartWebsite Plus &#8211; 1 Jahre 0,- \u20ac, danach 12,- \u20ac\/Mon.<\/p>\n\n\n\n<p>&nbsp;&#8211; beinhaltet neben dem Baukasten auch einen kostenlosen Radar-Auftrag<\/p>\n\n\n\n<p><strong>Verlosung unter den Votern (Incentive): SmartWebsite Plus &#8211; 3 Jahre<\/strong><\/p>\n\n\n\n<p>SmartWebsite Plus &#8211; 3 Jahre 0,- \u20ac, danach 12,- \u20ac\/Mon.<\/p>\n\n\n\n<p>&nbsp;&#8211; beinhaltet neben dem Baukasten auch einen kostenlosen Radar-Auftrag<\/p>\n\n\n\n<p>2. Die Gewinner\/innen werden per Mail informiert.&nbsp;<\/p>\n\n\n\n<p>3. Ein Tausch des Gewinns ist nicht m\u00f6glich. Der Gewinn ist nicht \u00fcbertragbar.<\/p>\n\n\n\n<p>4. Die Teilnehmenden und Voter\/innen erkl\u00e4ren sich damit einverstanden, auf den hinterlegten Kontaktdaten von STRATO zum Zweck der Aktivierung eines m\u00f6glichen Gewinns kontaktiert zu werden.<\/p>\n\n\n\n<p>5. Zur Aktivierung des Gewinns ist ein Kundenkonto bei STRATO notwendig, dieses ben\u00f6tigt eine Bankverbindung. Es entstehen den Gewinner\/innen in der kostenfreien ersten Periode (siehe Punkt IV. 1) keine Kosten, da die Rechnungen einen Betrag von 0\u20ac ausweisen werden.<\/p>\n\n\n\n<p>6. Nach der kostenlosen Laufzeit werden die Pakete am Ende der Laufzeit automatisch in kostenpflichtige Pakete umgewandelt. Gewinner\/innen k\u00f6nnen vor Ablauf der kostenfreien Zeit den Vertrag beenden, ab dem 13. Monat besteht ein monatliches K\u00fcndigungsrecht.<\/p>\n\n\n\n<p><strong>V. Ausschluss von Teilnehmenden und Gewinner\/innen; Vorzeitige Beendigung des Gewinnspiels<\/strong><\/p>\n\n\n\n<p>1. Bei einem Versto\u00df gegen diese Teilnahmebedingungen ist STRATO jederzeit berechtigt, den\/die jeweilige\/n Teilnehmer\/in vom Gewinnspiel auszuschlie\u00dfen. Handelt es sich dabei um eine\/n bereits ausgeloste\/n Gewinner\/in, kann der Gewinn nachtr\u00e4glich aberkannt werden.<\/p>\n\n\n\n<p>2. STRATO ist zu jedem Zeitpunkt berechtigt, das Gewinnspiel vorzeitig ohne vorherige Ank\u00fcndigung abzubrechen oder zu beenden, wenn<\/p>\n\n\n\n<p>das Gewinnspiel durch Ausfall von Hard- oder Software, Programmfehlern, Computerviren oder nicht autorisierten Eingriffen von Dritten, insbesondere festgestellte Manipulationen durch Dritte, unter Ber\u00fccksichtigung der berechtigten Interessen der bereits ermittelten Gewinner\/innen nicht mehr ordnungsgem\u00e4\u00df durchgef\u00fchrt werden kann.<\/p>\n\n\n\n<p>Die vorzeitige Beendigung wird STRATO den Teilnehmenden in geeigneter Weise auf der STRATO Kampagnen-Landingpage mitteilen.<\/p>\n\n\n\n<p><strong>VI. Datenschutzrechtliche Informationen&nbsp;<\/strong><\/p>\n\n\n\n<p>1. Die Speicherung von Daten erfolgt durch Strato GmbH, Otto-Ostrowski-Stra\u00dfe 7, 10249 Berlin, Deutschland, eingetragen im Handelsregister beim Registergericht Berlin Charlottenburg unter Nr. HRB 79450.<\/p>\n\n\n\n<p>2. Folgende personenbezogene Daten werden ausschlie\u00dflich von STRATO im Rahmen des Gewinnspiels gespeichert und verarbeitet: Vorname, Nachname, E-Mail-Adresse und Bankverbindung, IP-Adresse, sowie ggf. personenbezogene Daten auf den teilnehmenden Websites. Die Abfrage des Vor- und Nachnamens dient der Feststellung der Identit\u00e4t des Gewinners\/der Gewinnerin. Die Abfrage der E-Mail-Adresse dient der Gewinnbenachrichtigung. Die Abfrage der Bankverbindung dient der Einrichtung des Kundenkontos. Die Verarbeitung der personenbezogenen Daten der Website dient der Durchf\u00fchrung des Votings. Die Verarbeitung der IP-Adresse dient der Vermeidung von Mehrfach-Votes.<\/p>\n\n\n\n<p>3. Die Verarbeitung beruht auf Art. 6 I lit. b DS-GVO.<\/p>\n\n\n\n<p>4. Die gespeicherten Daten der Nicht-Gewinnenden werden sp\u00e4testens 1 Jahr nach Versand der Gewinne vollst\u00e4ndig gel\u00f6scht. Die nominierten Websites werden noch 1 Jahr \u00f6ffentlich einsehbar sein. (sollte eine vorherige L\u00f6schung gew\u00fcnscht sein, kann dies per <a href=\"mailto:presse@strato.de\">presse@strato.de<\/a> angezeigt werden). Davon abweichend k\u00f6nnen ggf. die im Rahmen des Gewinnspiels erhobenen Daten der Gewinnenden und Nominierungen aus steuerrechtlichen Gr\u00fcnden bis zu einem Zeitraum von 10 Jahren gespeichert werden. Rechtsgrundlage hierzu ist Art. 6 Abs. 1 S. 1 lit. c) DS-GVO i.V.m. \u00a7 147 (1) Nr. 1, (3) S. 1 AO.<\/p>\n\n\n\n<p>5. Der\/die Teilnehmer\/in hat nach den Artikeln 15 bis 18 und 20 Datenschutzgrundverordnung in dem dort geregelten Umfang Recht auf Auskunft, Berichtigung, L\u00f6schung, Einschr\u00e4nkung der Datenverarbeitung und Daten\u00fcbertragbarkeit.<\/p>\n\n\n\n<p>6. Der\/die Teilnehmer\/in hat das Recht, sich jederzeit an eine Aufsichtsbeh\u00f6rde seines\/ihres Aufenthaltsortes oder Arbeitsplatzes oder des mutma\u00dflichen Versto\u00dfes zu wenden, wenn er oder sie der Ansicht sind, dass die Verarbeitung der ihn\/sie betreffenden personenbezogenen Daten gegen die Datenschutzgrundverordnung verst\u00f6\u00dft.<\/p>\n\n\n\n<p>7. Die Datenschutzbeauftragte der Strato GmbH ist unter der in Absatz 1 angegebenen Anschrift und der E-Mail-Adresse <a href=\"mailto:datenschutz@strato.de\">datenschutz@strato.de<\/a> zu erreichen.&nbsp;&nbsp;<\/p>\n\n\n\n<p><strong>VII. Schlussbestimmungen<\/strong><\/p>\n\n\n\n<p>1. Der Rechtsweg ist ausgeschlossen.<\/p>\n\n\n\n<p>2. Es ist ausschlie\u00dflich das Recht der Bundesrepublik Deutschland unter Ausschluss der Bestimmungen der United Nations Convention on Contracts for the International Sale of Goods (UN-Kaufrecht) anwendbar.<\/p>\n\n\n\n<p>3. Sollten einzelne Bestimmungen dieser Teilnahmebedingungen unwirksam oder undurchf\u00fchrbar sein oder werden, so wird dadurch die Rechtswirksamkeit der \u00fcbrigen Bedingungen nicht ber\u00fchrt.<\/p>\n","protected":false},"excerpt":{"rendered":"<p>Teilnahme&shy;beding&shy;ungen und Daten&shy;schutz&shy;be&shy;stimmungen I. Gegenstand der Teilnahmebedingungen 1. Die STRATO GmbH, Otto-Ostrowski-Stra\u00dfe 67, 10249 Berlin (nachfolgend \u201eSTRATO\u201c oder \u201ewir\u201c) veranstaltet auf einer Landingpage eine Gewinnspiel-Aktion unter folgendem Link: www.strato.de\/website-makeover-contest\/ 2. F\u00fcr die Teilnahme an der Aktion gelten die nachfolgenden Teilnahmebedingungen. Mit der Teilnahme an dem Gewinnspiel erkl\u00e4rt sich der\/die Teilnehmende mit der Geltung dieser Teilnahmebedingungen [&hellip;]<\/p>\n","protected":false},"author":112,"featured_media":0,"parent":0,"menu_order":0,"comment_status":"closed","ping_status":"closed","template":"","meta":{"_acf_changed":false,"footnotes":""},"class_list":["post-102731","page","type-page","status-publish","hentry"],"acf":[],"yoast_head":"<!-- This site is optimized with the Yoast SEO plugin v27.1.1 - https:\/\/yoast.com\/product\/yoast-seo-wordpress\/ -->\n<title>Teilnahmebedingungen und Datenschutzbestimmungen - STRATO Website Makeover Contest<\/title>\n<meta name=\"robots\" content=\"index, follow, max-snippet:-1, max-image-preview:large, max-video-preview:-1\" \/>\n<link rel=\"canonical\" href=\"https:\/\/www.strato.de\/website-makeover-contest\/teilnahmebedingungen-und-datenschutzbestimmungen\/\" \/>\n<meta property=\"og:locale\" content=\"de_DE\" \/>\n<meta property=\"og:type\" content=\"article\" \/>\n<meta property=\"og:title\" content=\"Teilnahmebedingungen und Datenschutzbestimmungen - STRATO Website Makeover Contest\" \/>\n<meta property=\"og:description\" content=\"Teilnahme&shy;beding&shy;ungen und Daten&shy;schutz&shy;be&shy;stimmungen I. Gegenstand der Teilnahmebedingungen 1. Die STRATO GmbH, Otto-Ostrowski-Stra\u00dfe 67, 10249 Berlin (nachfolgend \u201eSTRATO\u201c oder \u201ewir\u201c) veranstaltet auf einer Landingpage eine Gewinnspiel-Aktion unter folgendem Link: www.strato.de\/website-makeover-contest\/ 2. F\u00fcr die Teilnahme an der Aktion gelten die nachfolgenden Teilnahmebedingungen. Mit der Teilnahme an dem Gewinnspiel erkl\u00e4rt sich der\/die Teilnehmende mit der Geltung dieser Teilnahmebedingungen [&hellip;]\" \/>\n<meta property=\"og:url\" content=\"https:\/\/www.strato.de\/website-makeover-contest\/teilnahmebedingungen-und-datenschutzbestimmungen\/\" \/>\n<meta property=\"og:site_name\" content=\"STRATO Website Makeover Contest\" \/>\n<meta property=\"article:publisher\" content=\"https:\/\/www.facebook.com\/strato\" \/>\n<meta property=\"article:modified_time\" content=\"2025-11-03T13:47:42+00:00\" \/>\n<meta name=\"twitter:card\" content=\"summary_large_image\" \/>\n<meta name=\"twitter:site\" content=\"@STRATO_AG\" \/>\n<meta name=\"twitter:label1\" content=\"Gesch\u00e4tzte Lesezeit\" \/>\n\t<meta name=\"twitter:data1\" content=\"6\u00a0Minuten\" \/>\n<script type=\"application\/ld+json\" class=\"yoast-schema-graph\">{\"@context\":\"https:\/\/schema.org\",\"@graph\":[{\"@type\":\"WebPage\",\"@id\":\"https:\/\/www.strato.de\/website-makeover-contest\/teilnahmebedingungen-und-datenschutzbestimmungen\/\",\"url\":\"https:\/\/www.strato.de\/website-makeover-contest\/teilnahmebedingungen-und-datenschutzbestimmungen\/\",\"name\":\"Teilnahmebedingungen und Datenschutzbestimmungen - STRATO Website Makeover Contest\",\"isPartOf\":{\"@id\":\"https:\/\/www.strato.de\/website-makeover-contest\/#website\"},\"datePublished\":\"2025-09-16T08:09:56+00:00\",\"dateModified\":\"2025-11-03T13:47:42+00:00\",\"breadcrumb\":{\"@id\":\"https:\/\/www.strato.de\/website-makeover-contest\/teilnahmebedingungen-und-datenschutzbestimmungen\/#breadcrumb\"},\"inLanguage\":\"de\",\"potentialAction\":[{\"@type\":\"ReadAction\",\"target\":[\"https:\/\/www.strato.de\/website-makeover-contest\/teilnahmebedingungen-und-datenschutzbestimmungen\/\"]}]},{\"@type\":\"BreadcrumbList\",\"@id\":\"https:\/\/www.strato.de\/website-makeover-contest\/teilnahmebedingungen-und-datenschutzbestimmungen\/#breadcrumb\",\"itemListElement\":[{\"@type\":\"ListItem\",\"position\":1,\"name\":\"Startseite\",\"item\":\"https:\/\/www.strato.de\/website-makeover-contest\/\"},{\"@type\":\"ListItem\",\"position\":2,\"name\":\"Teilnahmebedingungen und Datenschutzbestimmungen\"}]},{\"@type\":\"WebSite\",\"@id\":\"https:\/\/www.strato.de\/website-makeover-contest\/#website\",\"url\":\"https:\/\/www.strato.de\/website-makeover-contest\/\",\"name\":\"STRATO Website Makeover Contest\",\"description\":\"\",\"publisher\":{\"@id\":\"https:\/\/www.strato.de\/website-makeover-contest\/#organization\"},\"potentialAction\":[{\"@type\":\"SearchAction\",\"target\":{\"@type\":\"EntryPoint\",\"urlTemplate\":\"https:\/\/www.strato.de\/website-makeover-contest\/?s={search_term_string}\"},\"query-input\":{\"@type\":\"PropertyValueSpecification\",\"valueRequired\":true,\"valueName\":\"search_term_string\"}}],\"inLanguage\":\"de\"},{\"@type\":\"Organization\",\"@id\":\"https:\/\/www.strato.de\/website-makeover-contest\/#organization\",\"name\":\"STRATO Website Makeover Contest\",\"url\":\"https:\/\/www.strato.de\/website-makeover-contest\/\",\"logo\":{\"@type\":\"ImageObject\",\"inLanguage\":\"de\",\"@id\":\"https:\/\/www.strato.de\/website-makeover-contest\/#\/schema\/logo\/image\/\",\"url\":\"https:\/\/www.strato.de\/website-makeover-contest\/wp-content\/uploads\/sites\/6\/2025\/09\/logo_strato_white.svg\",\"contentUrl\":\"https:\/\/www.strato.de\/website-makeover-contest\/wp-content\/uploads\/sites\/6\/2025\/09\/logo_strato_white.svg\",\"caption\":\"STRATO Website Makeover Contest\"},\"image\":{\"@id\":\"https:\/\/www.strato.de\/website-makeover-contest\/#\/schema\/logo\/image\/\"},\"sameAs\":[\"https:\/\/www.facebook.com\/strato\",\"https:\/\/x.com\/STRATO_AG\"]}]}<\/script>\n<!-- \/ Yoast SEO plugin. -->","yoast_head_json":{"title":"Teilnahmebedingungen und Datenschutzbestimmungen - STRATO Website Makeover Contest","robots":{"index":"index","follow":"follow","max-snippet":"max-snippet:-1","max-image-preview":"max-image-preview:large","max-video-preview":"max-video-preview:-1"},"canonical":"https:\/\/www.strato.de\/website-makeover-contest\/teilnahmebedingungen-und-datenschutzbestimmungen\/","og_locale":"de_DE","og_type":"article","og_title":"Teilnahmebedingungen und Datenschutzbestimmungen - STRATO Website Makeover Contest","og_description":"Teilnahme&shy;beding&shy;ungen und Daten&shy;schutz&shy;be&shy;stimmungen I. Gegenstand der Teilnahmebedingungen 1. Die STRATO GmbH, Otto-Ostrowski-Stra\u00dfe 67, 10249 Berlin (nachfolgend \u201eSTRATO\u201c oder \u201ewir\u201c) veranstaltet auf einer Landingpage eine Gewinnspiel-Aktion unter folgendem Link: www.strato.de\/website-makeover-contest\/ 2. F\u00fcr die Teilnahme an der Aktion gelten die nachfolgenden Teilnahmebedingungen. Mit der Teilnahme an dem Gewinnspiel erkl\u00e4rt sich der\/die Teilnehmende mit der Geltung dieser Teilnahmebedingungen [&hellip;]","og_url":"https:\/\/www.strato.de\/website-makeover-contest\/teilnahmebedingungen-und-datenschutzbestimmungen\/","og_site_name":"STRATO Website Makeover Contest","article_publisher":"https:\/\/www.facebook.com\/strato","article_modified_time":"2025-11-03T13:47:42+00:00","twitter_card":"summary_large_image","twitter_site":"@STRATO_AG","twitter_misc":{"Gesch\u00e4tzte Lesezeit":"6\u00a0Minuten"},"schema":{"@context":"https:\/\/schema.org","@graph":[{"@type":"WebPage","@id":"https:\/\/www.strato.de\/website-makeover-contest\/teilnahmebedingungen-und-datenschutzbestimmungen\/","url":"https:\/\/www.strato.de\/website-makeover-contest\/teilnahmebedingungen-und-datenschutzbestimmungen\/","name":"Teilnahmebedingungen und Datenschutzbestimmungen - STRATO Website Makeover Contest","isPartOf":{"@id":"https:\/\/www.strato.de\/website-makeover-contest\/#website"},"datePublished":"2025-09-16T08:09:56+00:00","dateModified":"2025-11-03T13:47:42+00:00","breadcrumb":{"@id":"https:\/\/www.strato.de\/website-makeover-contest\/teilnahmebedingungen-und-datenschutzbestimmungen\/#breadcrumb"},"inLanguage":"de","potentialAction":[{"@type":"ReadAction","target":["https:\/\/www.strato.de\/website-makeover-contest\/teilnahmebedingungen-und-datenschutzbestimmungen\/"]}]},{"@type":"BreadcrumbList","@id":"https:\/\/www.strato.de\/website-makeover-contest\/teilnahmebedingungen-und-datenschutzbestimmungen\/#breadcrumb","itemListElement":[{"@type":"ListItem","position":1,"name":"Startseite","item":"https:\/\/www.strato.de\/website-makeover-contest\/"},{"@type":"ListItem","position":2,"name":"Teilnahmebedingungen und Datenschutzbestimmungen"}]},{"@type":"WebSite","@id":"https:\/\/www.strato.de\/website-makeover-contest\/#website","url":"https:\/\/www.strato.de\/website-makeover-contest\/","name":"STRATO Website Makeover Contest","description":"","publisher":{"@id":"https:\/\/www.strato.de\/website-makeover-contest\/#organization"},"potentialAction":[{"@type":"SearchAction","target":{"@type":"EntryPoint","urlTemplate":"https:\/\/www.strato.de\/website-makeover-contest\/?s={search_term_string}"},"query-input":{"@type":"PropertyValueSpecification","valueRequired":true,"valueName":"search_term_string"}}],"inLanguage":"de"},{"@type":"Organization","@id":"https:\/\/www.strato.de\/website-makeover-contest\/#organization","name":"STRATO Website Makeover Contest","url":"https:\/\/www.strato.de\/website-makeover-contest\/","logo":{"@type":"ImageObject","inLanguage":"de","@id":"https:\/\/www.strato.de\/website-makeover-contest\/#\/schema\/logo\/image\/","url":"https:\/\/www.strato.de\/website-makeover-contest\/wp-content\/uploads\/sites\/6\/2025\/09\/logo_strato_white.svg","contentUrl":"https:\/\/www.strato.de\/website-makeover-contest\/wp-content\/uploads\/sites\/6\/2025\/09\/logo_strato_white.svg","caption":"STRATO Website Makeover Contest"},"image":{"@id":"https:\/\/www.strato.de\/website-makeover-contest\/#\/schema\/logo\/image\/"},"sameAs":["https:\/\/www.facebook.com\/strato","https:\/\/x.com\/STRATO_AG"]}]}},"_links":{"self":[{"href":"https:\/\/www.strato.de\/website-makeover-contest\/wp-json\/wp\/v2\/pages\/102731","targetHints":{"allow":["GET"]}}],"collection":[{"href":"https:\/\/www.strato.de\/website-makeover-contest\/wp-json\/wp\/v2\/pages"}],"about":[{"href":"https:\/\/www.strato.de\/website-makeover-contest\/wp-json\/wp\/v2\/types\/page"}],"author":[{"embeddable":true,"href":"https:\/\/www.strato.de\/website-makeover-contest\/wp-json\/wp\/v2\/users\/112"}],"replies":[{"embeddable":true,"href":"https:\/\/www.strato.de\/website-makeover-contest\/wp-json\/wp\/v2\/comments?post=102731"}],"version-history":[{"count":8,"href":"https:\/\/www.strato.de\/website-makeover-contest\/wp-json\/wp\/v2\/pages\/102731\/revisions"}],"predecessor-version":[{"id":112977,"href":"https:\/\/www.strato.de\/website-makeover-contest\/wp-json\/wp\/v2\/pages\/102731\/revisions\/112977"}],"wp:attachment":[{"href":"https:\/\/www.strato.de\/website-makeover-contest\/wp-json\/wp\/v2\/media?parent=102731"}],"curies":[{"name":"wp","href":"https:\/\/api.w.org\/{rel}","templated":true}]}}